{"version":"1.0","provider_name":"GasztroBar\u00e1th","provider_url":"https:\/\/gasztrobarath.cafeblog.hu","author_name":"Bar\u00e1th","author_url":"https:\/\/gasztrobarath.cafeblog.hu\/author\/barath\/","title":"K\u00e1v\u00e9kr\u00e9mes szelet","html":"<div class=\"separator\" style=\"clear: both; text-align: center;\">\n<a href=\"http:\/\/2.bp.blogspot.com\/-xNzSj6kGOHM\/UmFMX7gu5vI\/AAAAAAAAG9s\/0PrhKzY5ra0\/s1600\/k%C3%A1v%C3%A9kr%C3%A9mes+szelet+009.jpg\" imageanchor=\"1\" style=\"margin-left: 1em; margin-right: 1em;\"><img border=\"0\" height=\"240\" src=\"https:\/\/gasztrobarath.cafeblog.hu\/files\/2013\/10\/k\u00e1v\u00e9kr\u00e9mes-szelet-009.jpg\" width=\"320\" \/><\/a><\/div>\n<div style=\"text-align: justify;\">\nTegnap kider\u00fclt, hogy v\u00e9gleg t\u00f6nkrement a f\u00e9nyk\u00e9pez\u0151g\u00e9pem, rajta egy csom\u00f3 fot\u00f3val, amit m\u00e1r nem lehet lementeni r\u00f3la. Legkor\u00e1bban j\u00f6v\u0151 h\u00f3napban lesz \u00e9rkez\u00e9sem r\u00e1, hogy \u00faj masin\u00e1t vegyek, addig marad a telefon. Azonban m\u00e9g dolgozom azon, hogy le tudjam szedni a k\u00e9peket r\u00f3la. Az eddigiekb\u0151l k\u00e9t dolog k\u00f6vetkezik:&nbsp; egy csom\u00f3 receptet \u00fajra kell f\u0151zn\u00f6m, \u00e9s legal\u00e1bb v\u00e9gre felker\u00fclnek a r\u00e9gebben fot\u00f3zott receptek is a blogra. Mert persze folyamatosan k\u00e9sz\u00fcltek a finoms\u00e1gok n\u00e1lam, csak nem volt id\u0151m be\u00edrni \u0151ket. Na de, jobb k\u00e9s\u0151bb, mint soha, \u00edme egy \u00fajabb gyorsan elk\u00e9sz\u00edthet\u0151, \u00e9s m\u00e9g gyorsabban elfogy\u00f3 nasi, melynek receptj\u00e9t a N\u0151k Lapja Konyh\u00e1ban tal\u00e1ltam.<\/div>\n<div style=\"text-align: justify;\">\n<br \/><\/div>\n<div style=\"text-align: justify;\">\n<b>K\u00e1v\u00e9kr\u00e9mes szelet<\/b><\/div>\n<div class=\"separator\" style=\"clear: both; text-align: center;\">\n<a href=\"http:\/\/3.bp.blogspot.com\/-jjZH6vfgu2I\/UmFO516KtHI\/AAAAAAAAG90\/SbLJv4YTBfA\/s1600\/k%C3%A1v%C3%A9kr%C3%A9mes+szelet+001.jpg\" imageanchor=\"1\" style=\"margin-left: 1em; margin-right: 1em;\"><img border=\"0\" height=\"240\" src=\"https:\/\/gasztrobarath.cafeblog.hu\/files\/2013\/10\/k\u00e1v\u00e9kr\u00e9mes-szelet-001.jpg\" width=\"320\" \/><\/a><\/div>\n<b>Hozz\u00e1val\u00f3k:<\/b><br \/>\n<b>T\u00e9szt\u00e1hoz: <\/b><br \/>\n- 6 toj\u00e1s<br \/>\n- 10 dkg cukor<br \/>\n- 2 ek v\u00edz<br \/>\n- 1 ek kaka\u00f3por<br \/>\n- 2 ek olaj<br \/>\n- 12 dkg liszt<br \/>\n&nbsp;<b>Kr\u00e9mhez:<\/b><br \/>\n- 10 dkg liszt<br \/>\n- 4 toj\u00e1ss\u00e1rg\u00e1ja<br \/>\n- 15 dkg krist\u00e1lycukor<br \/>\n- 5 dl tej<br \/>\n- 2 ek instant k\u00e1v\u00e9<br \/>\n- 30 dkg puha vaj<br \/>\n- 12 dkg porcukor<br \/>\n- 2 ek kaka\u00f3por<br \/>\n<b>Elk\u00e9sz\u00edt\u00e9s<\/b><br \/>\n<div style=\"text-align: justify;\">\n&nbsp;A toj\u00e1sokat sz\u00e9tv\u00e1lasztjuk. A feh\u00e9rj\u00e9b\u0151l a cukor fel\u00e9vel kem\u00e9ny habot ver\u00fcnk. A toj\u00e1sok s\u00e1rg\u00e1j\u00e1t elkeverj\u00fck a cukor m\u00e1sik fel\u00e9vel, a v\u00edzzel, a kaka\u00f3porral \u00e9s az olajjal. \u00d3vatosan beleforgatjuk a feh\u00e9rjehabot, majd hozz\u00e1adjuk a lisztet is. Vajazott, lisztezett tepsibe \u00f6ntj\u00fck a t\u00e9szt\u00e1t, 180 fokra el\u0151meleg\u00edtett s\u00fct\u0151be toljuk, \u00e9s kb. f\u00e9l \u00f3ra alatt k\u00e9szre s\u00fctj\u00fck (t\u0171pr\u00f3ba!)<\/div>\n<div style=\"text-align: justify;\">\nA kr\u00e9mhez a lisztet, a toj\u00e1ss\u00e1rg\u00e1j\u00e1t \u00e9s a cukrot kev\u00e9s tejjel sim\u00e1ra keverj\u00fck. A marad\u00e9k tejet felforraljuk, belekeverj\u00fck a k\u00e1v\u00e9port, majd hozz\u00e1adjuk az elkevert massz\u00e1t, \u00e9s s\u0171r\u0171 kr\u00e9met f\u0151z\u00fcnk bel\u0151le. Kih\u0171tj\u00fck.<\/div>\n<div style=\"text-align: justify;\">\nA puha vajat habosra keverj\u00fck a porcukorral, majd belekeverj\u00fck a k\u00e1v\u00e9kr\u00e9met. Az \u00edgy kapott kr\u00e9met elfelezz\u00fck, az egyikbe belekeverj\u00fck a kaka\u00f3port.&nbsp;<\/div>\n<div style=\"text-align: justify;\">\n\u00c9s m\u00e1r csak a r\u00e9tegz\u00e9s van h\u00e1tra. A kih\u0171lt pisk\u00f3t\u00e1ra r\u00e1kenj\u00fck a s\u00f6t\u00e9t kr\u00e9met, majd erre mehet a vil\u00e1gosabb kr\u00e9m. A tetej\u00e9t csokireszel\u00e9kkel d\u00edsz\u00edtj\u00fck. Egy \u00e9jszak\u00e1ra ir\u00e1ny a h\u0171t\u0151, m\u00e1snap pedig szeletelj\u00fck, \u00e9s vid\u00e1man elfalatozzuk.<\/div>\n<div class=\"separator\" style=\"clear: both; text-align: center;\">\n<a href=\"http:\/\/4.bp.blogspot.com\/-adMf3YTiJuw\/UmFR-ECzouI\/AAAAAAAAG98\/w8YO2p5OhOo\/s1600\/k%C3%A1v%C3%A9kr%C3%A9mes+szelet+007.jpg\" imageanchor=\"1\" style=\"margin-left: 1em; margin-right: 1em;\"><img border=\"0\" height=\"240\" src=\"https:\/\/gasztrobarath.cafeblog.hu\/files\/2013\/10\/k\u00e1v\u00e9kr\u00e9mes-szelet-007.jpg\" width=\"320\" \/><\/a><\/div>\n<b>J\u00f3 \u00e9tv\u00e1gyat!<\/b><br \/>","type":"rich","thumbnail_url":"https:\/\/gasztrobarath.cafeblog.hu\/files\/2013\/10\/k\u00e1v\u00e9kr\u00e9mes-szelet-009-150x150.jpg","thumbnail_width":150,"thumbnail_height":150}

GasztroBaráth

Baráth

Kávékrémes szelet

<div class="separator" style="clear: both; text-align: center;">
<a href="http://2.bp.blogspot.com/-xNzSj6kGOHM/UmFMX7gu5vI/AAAAAAAAG9s/0PrhKzY5ra0/s1600/k%C3%A1v%C3%A9kr%C3%A9mes+szelet+009.jpg" imageanchor="1" style="margin-left: 1em; margin-right: 1em;"><img border="0" height="240" src="https://gasztrobarath.cafeblog.hu/files/2013/10/kávékrémes-szelet-009.jpg" width="320" /></a></div>
<div style="text-align: justify;">
Tegnap kiderült, hogy végleg tönkrement a fényképezőgépem, rajta egy csomó fotóval, amit már nem lehet lementeni róla. Legkorábban jövő hónapban lesz érkezésem rá, hogy új masinát vegyek, addig marad a telefon. Azonban még dolgozom azon, hogy le tudjam szedni a képeket róla. Az eddigiekből két dolog következik:&nbsp; egy csomó receptet újra kell főznöm, és legalább végre felkerülnek a régebben fotózott receptek is a blogra. Mert persze folyamatosan készültek a finomságok nálam, csak nem volt időm beírni őket. Na de, jobb később, mint soha, íme egy újabb gyorsan elkészíthető, és még gyorsabban elfogyó nasi, melynek receptjét a Nők Lapja Konyhában találtam.</div>
<div style="text-align: justify;">
<br /></div>
<div style="text-align: justify;">
<b>Kávékrémes szelet</b></div>
<div class="separator" style="clear: both; text-align: center;">
<a href="http://3.bp.blogspot.com/-jjZH6vfgu2I/UmFO516KtHI/AAAAAAAAG90/SbLJv4YTBfA/s1600/k%C3%A1v%C3%A9kr%C3%A9mes+szelet+001.jpg" imageanchor="1" style="margin-left: 1em; margin-right: 1em;"><img border="0" height="240" src="https://gasztrobarath.cafeblog.hu/files/2013/10/kávékrémes-szelet-001.jpg" width="320" /></a></div>
<b>Hozzávalók:</b><br />
<b>Tésztához: </b><br />
- 6 tojás<br />
- 10 dkg cukor<br />
- 2 ek víz<br />
- 1 ek kakaópor<br />
- 2 ek olaj<br />
- 12 dkg liszt<br />
&nbsp;<b>Krémhez:</b><br />
- 10 dkg liszt<br />
- 4 tojássárgája<br />
- 15 dkg kristálycukor<br />
- 5 dl tej<br />
- 2 ek instant kávé<br />
- 30 dkg puha vaj<br />
- 12 dkg porcukor<br />
- 2 ek kakaópor<br />
<b>Elkészítés</b><br />
<div style="text-align: justify;">
&nbsp;A tojásokat szétválasztjuk. A fehérjéből a cukor felével kemény habot verünk. A tojások sárgáját elkeverjük a cukor másik felével, a vízzel, a kakaóporral és az olajjal. Óvatosan beleforgatjuk a fehérjehabot, majd hozzáadjuk a lisztet is. Vajazott, lisztezett tepsibe öntjük a tésztát, 180 fokra előmelegített sütőbe toljuk, és kb. fél óra alatt készre sütjük (tűpróba!)</div>
<div style="text-align: justify;">
A krémhez a lisztet, a tojássárgáját és a cukrot kevés tejjel simára keverjük. A maradék tejet felforraljuk, belekeverjük a kávéport, majd hozzáadjuk az elkevert masszát, és sűrű krémet főzünk belőle. Kihűtjük.</div>
<div style="text-align: justify;">
A puha vajat habosra keverjük a porcukorral, majd belekeverjük a kávékrémet. Az így kapott krémet elfelezzük, az egyikbe belekeverjük a kakaóport.&nbsp;</div>
<div style="text-align: justify;">
És már csak a rétegzés van hátra. A kihűlt piskótára rákenjük a sötét krémet, majd erre mehet a világosabb krém. A tetejét csokireszelékkel díszítjük. Egy éjszakára irány a hűtő, másnap pedig szeleteljük, és vidáman elfalatozzuk.</div>
<div class="separator" style="clear: both; text-align: center;">
<a href="http://4.bp.blogspot.com/-adMf3YTiJuw/UmFR-ECzouI/AAAAAAAAG98/w8YO2p5OhOo/s1600/k%C3%A1v%C3%A9kr%C3%A9mes+szelet+007.jpg" imageanchor="1" style="margin-left: 1em; margin-right: 1em;"><img border="0" height="240" src="https://gasztrobarath.cafeblog.hu/files/2013/10/kávékrémes-szelet-007.jpg" width="320" /></a></div>
<b>Jó étvágyat!</b><br />

https://gasztrobarath.cafeblog.hu/files/2013/10/kávékrémes-szelet-009-150x150.jpg
